571282?
2
What is the tens digit of 451614?
1
What is the thousands digit of 255200?
5
What is the hundred thousands digit of 160802?
1
What is the hundred thousands digit of 181841?
1
What is the thousands digit of 15287971?
7
What is the tens digit of 47144?
4
What is the tens digit of 185434?
3
What is the hundred thousands digit of 291280?
2
What is the tens digit of 342978?
7
What is the thousands digit of 7055172?
5
What is the hundreds digit of 976078?
0
What is the hundreds digit of 371040?
0
What is the hundred thousands digit of 4605154?
6
What is the hundreds digit of 10445300?
3
What is the tens digit of 1028816?
1
What is the ten millions digit of 27949900?
2
What is the ten millions digit of 35128026?
3
What is the thousands digit of 133972?
3
What is the thousands digit of 6866182?
6
What is the millions digit of 3252524?
3
What is the hundreds digit of 104000?
0
What is the units digit of 1346598?
8
What is the ten thousands digit of 300199?
0
What is the hundreds digit of 3636818?
8
What is the tens digit of 3396256?
5
What is the units digit of 284397?
7
What is the ten thousands digit of 3450242?
5
What is the tens digit of 307648?
4
What is the hundreds digit of 1397041?
0
What is the hundreds digit of 19970533?
5
What is the thousands digit of 819071?
9
What is the ten thousands digit of 5789516?
8
What is the units digit of 362215?
5
What is the hundreds digit of 17378060?
0
What is the ten millions digit of 43360586?
4
What is the ten thousands digit of 293594?
9
What is the millions digit of 1053273?
1
What is the hundred thousands digit of 328072?
3
What is the units digit of 519453?
3
What is the tens digit of 118363?
6
What is the hundreds digit of 733464?
4
What is the hundreds digit of 254053?
0
What is the ten thousands digit of 675388?
7
What is the thousands digit of 27079375?
9
What is the tens digit of 19016570?
7
What is the hundred thousands digit of 6028159?
0
What is the hundred thousands digit of 3086326?
0
What is the millions digit of 2640685?
2
What is the ten thousands digit of 534000?
3
What is the hundreds digit of 281068?
0
What is the tens digit of 229444?
4
What is the thousands digit of 416757?
6
What is the units digit of 2243836?
6
What is the tens digit of 1791520?
2
What is the ten thousands digit of 3443122?
4
What is the units digit of 183515?
5
What is the units digit of 7719621?
1
What is the hundred thousands digit of 7960777?
9
What is the ten thousands digit of 19533?
1
What is the hundreds digit of 273850?
8
What is the hundreds digit of 3835344?
3
What is the thousands digit of 54714?
4
What is the tens digit of 2555246?
4
What is the thousands digit of 365314?
5
What is the ten thousands digit of 220693?
2
What is the ten thousands digit of 22946085?
4
What is the millions digit of 2031955?
2
What is the hundred thousands digit of 765535?
7
What is the units digit of 30296?
6
What is the tens digit of 1180079?
7
What is the ten thousands digit of 342030?
4
What is the hundred thousands digit of 288167?
2
What is the ten thousands digit of 2803715?
0
What is the tens digit of 28984119?
1
What is the units digit of 6755?
5
What is the units digit of 5632365?
5
What is the units digit of 10570335?
5
What is the units digit of 1404472?
2
What is the units digit of 78659?
9
What is the ten millions digit of 13741426?
1
What is the tens digit of 1447606?
0
What is the thousands digit of 1910111?
0
What is the thousands digit of 19186308?
6
What is the thousands digit of 474355?
4
What is the thousands digit of 785858?
5
What is the hundred thousands digit of 7703407?
7
What is the thousands digit of 1410537?
0
What is the ten millions digit of 24759830?
2
What is the ten thousands digit of 192654?
9
What is the ten thousands digit of 42504?
4
What is the units digit of 24346881?
1
What is the thousands digit of 482276?
2
What is the ten thousands digit of 30294135?
9
What is the units digit of 112599?
9
What is the millions digit of 2013576?
2
What is the thousands digit of 2737529?
7
What is the millions digit of 24423076?
4
What is the ten thousands digit of 1357042?
5
What is the hundreds digit of 3095403?
4
What is the hundred thousands digit of 1219008?
2
What is the hundreds digit of 135895?
8
What is the units digit of 1799391?
1
What is the hundreds digit of 3855279?
2
What is the tens digit of 35035?
3
What is the hundreds digit of 2293576?
5
What is the tens digit of 541987?
8
What is the tens digit of 204906?
0
What is the tens digit of 279759?
5
What is the units digit of 446611?
1
What is the ten thousands digit of 175833?
7
What is the hundred thousands digit of 104708?
1
What is the units digit of 283169?
9
What is the thousands digit of 281902?
1
What is the units digit of 10119?
9
What is the thousands digit of 17028702?
8
What is the thousands digit of 3985269?
5
What is the thousands digit of 1240939?
0
What is the tens digit of 20713392?
9
What is the thousands digit of 1602401?
2
What is the tens digit of 658721?
2
What is the tens digit of 12377641?
4
What is the hundreds digit of 1155869?
8
What is the hundreds digit of 272446?
4
What is the hundred thousands digit of 2285868?
2
What is the tens digit of 234806?
0
What is the millions digit of 4823772?
4
What is the ten thousands digit of 20449944?
4
What is the hundreds digit of 2033586?
5
What is the units digit of 6524686?
6
What is the tens digit of 365784?
8
What is the ten thousands digit of 1036898?
3
What is the thousands digit of 477710?
7
What is the hundreds digit of 4254485?
4
What is the units digit of 380274?
4
What is the thousands digit of 22981982?
1
What is the hundred thousands digit of 674830?
6
What is the millions digit of 25186064?
5
What is the millions digit of 4052107?
4
What is the tens digit of 327151?
5
What is the ten thousands digit of 49348?
4
What is the ten thousands digit of 112470?
1
What is the units digit of 288519?
9
What is the millions digit of 1083465?
1
What is the units digit of 521663?
3
What is the units digit of 9921044?
4
What is the hundreds digit of 9052850?
8
What is the thousands digit of 709861?
9
What is the tens digit of 375213?
1
What is the tens digit of 370872?
7
What is the tens digit of 6764470?
7
What is the units digit of 111271?
1
What is the tens digit of 1467269?
6
What is the ten millions digit of 28704670?
2
What is the units digit of 12382645?
5
What is the units digit of 7577976?
6
What is the units digit of 108570?
0
What is the hundred thousands digit of 786421?
7
What is the tens digit of 11577689?
8
What is the hundred thousands digit of 9619818?
6
What is the ten millions digit of 19074662?
1
What is the ten thousands digit of 248471?
4
What is the ten thousands digit of 1127580?
2
What is the units digit of 152504?
4
What is the hundred thousands digit of 4608962?
6
What is the hundreds digit of 730364?
3
What is the units digit of 360131?
1
What is the thousands digit of 25959634?
9
What is the hundreds digit of 22835267?
2
What is the thousands digit of 16612541?
2
What is the tens digit of 1591?
9
What is the ten thousands digit of 52740?
5
What is the hundreds digit of 166206?
2
What is the hundreds digit of 582479?
4
What is the hundreds digit of 23554?
5
What is the hundreds digit of 91323?
3
What is the thousands digit of 36219?
6
What is the tens digit of 4877477?
7
What is the hundreds digit of 869255?
2
What is the units digit of 1560285?
5
What is the ten thousands digit of 470414?
7
What is the ten thousands digit of 847206?
4
What is the thousands digit of 12824604?
4
What is the tens digit of 9136658?
5
What is the hundred thousands digit of 330177?
3
What is the hundreds digit of 6967238?
2
What is the tens digit of 37239?
3
What is the units digit of 44334?
4
What is the ten thousands digit of 273209?
7
What is the ten thousands digit of 3235217?
3
What is the ten thousands digit of 2828694?
2
What is the thousands digit of 970182?
0
What is the millions digit of 13314161?
3
What is the ten thousands digit of 2205562?
0
What is the ten thousands digit of 1154048?
5
What is the thousands digit of 853967?
3
What is the millions digit of 7478824?
7
What is the thousands digit of 670520?
0
What is the ten thousands digit of 